. List the prime factors of z(p).
7, 37
Suppose -5*x - 11 = -3*c + 89, -3*x + 92 = 2*c. Suppose -q + c = -567. List the prime factors of q.
607
Suppose -a - 4*v = -14, -8 - 4 = -4*v. List the prime factors of (6 + -8)/(a/(-46)).
2, 23
Let u = -126 - -126. Suppose -4*g = o - 544, 4*o + g - 2251 = -u*o. Suppose -3*w + 8*h = 3*h - 845, 3*h = 2*w - o. What are the prime factors of w?
3, 5, 19
Let c = 37 + -37. Suppose -l - l = c. Suppose -2*w + 19 = 5*q, 2*q - q - 1 = l. What are the prime factors of w?
7
Let y(c) = 780*c - 86. List the prime factors of y(3).
2, 7, 23
Let w = 608 - 608. Suppose l - 5*v - 75 = 0, -2*v - 4 = -w*v. List the prime factors of l.
5, 13
Let w = 192 + 479. What are the prime factors of w?
11, 61
Let f(d) = -19*d - 20. Let k be f(-22). Let s = k + 235. Suppose -5*r + 25 = 0, p - 3*r = 4*p - s. What are the prime factors of p?
2, 103
Let m(s) be the third derivative of -24*s**2 - 16/3*s**3 + 0*s + 13/12*s**4 + 0. What are the prime factors of m(6)?
2, 31
Suppose 97*q - 38940 = 94*q + 5*p, -3*q - p + 38922 = 0. List the prime factors of q.
3, 5, 173
Suppose 19*j = -2*j + 17325. Let h = j + -223. What are the prime factors of h?
2, 7, 43
Let c(g) = 5*g**3 + g**2 - 12*g + 7498. What are the prime factors of c(0)?
2, 23, 163
Let g(c) = -52*c - 180. Suppose 8 = 7*l + 64. What are the prime factors of g(l)?
2, 59
What are the prime factors of (-392)/49 + (-157172)/(-4)?
3, 5, 97
Let j = -40 - -48. Suppose -j + 2 = -3*v. Suppose -s = -3, -5*n + v*s + 656 = 57. List the prime factors of n.
11
List the prime factors of (-16)/12*54/48*(-1 + -1121).
3, 11, 17
Let c(h) = -6*h**3 - 16*h**2 + 19*h - 23. List the prime factors of c(-15).
2, 8171
Suppose -2*n + 11 + 49 = -3*t, 2*n - 5*t - 64 = 0. List the prime factors of (1884/9)/(18/n) + -5.
3, 103
Let q(x) = 0 - 3 - 5 + 379*x - 276*x. What are the prime factors of q(2)?
2, 3, 11
Suppose l - 2*l - 4*v - 2 = 0, 2*v = -4. Suppose 0 = -l*d + 427 - 49. Suppose a - d = 180. What are the prime factors of a?
3
Suppose c = -3*m - 2, 8 = -5*c + c + 5*m. Let g be -2 - -1 - (c - (-294 - -1)). Let h = -168 - g. What are the prime factors of h?
2, 31
Let k = 2892 - 1657. Suppose -2*v + 5*v + c - k = 0, 0 = 2*v - 3*c - 827. What are the prime factors of v?
2, 103
Let o(k) = 39*k**3 - 22*k**2 + 9*k - 111. List the prime factors of o(9).
3, 19, 467
Let z be (1518/(-24))/(-11) + 4/16. List the prime factors of (3/z)/((-4)/(-9064)).
11, 103
Let q(h) = 63*h**2 + 21*h - 2. What are the prime factors of q(14)?
2, 5, 79
Let s(u) = 970*u + 2391. What are the prime factors of s(32)?
101, 331
Suppose 0*y = -5*d - 5*y + 15, -4*y = 0. Let n be (-2 + 1)/d*0. Suppose -8 = 2*w, -4*q + 2*q + w + 290 = n. What are the prime factors of q?
11, 13
Let z(d) = d**2 + 22*d + 7779. What are the prime factors of z(0)?
3, 2593
Let g(f) = -f**2 + 15*f + 34. Suppose -8*v = -34 - 70. Let z be g(v). Let a = 72 + z. What are the prime factors of a?
2, 3, 11
List the prime factors of (4 + -9077)/(-2 - -1).
43, 211
Let v(g) = -g**3 - 18*g**2 - 17*g - 3. Suppose -4*n = 5*n + 153. Let y be v(n). List the prime factors of 0 + (-13*y/3 - 2).
11
Suppose -1033896 = -379*q + 6741159 + 545132. List the prime factors of q.
29, 757
Suppose 57*s + 99 = 60*s. Suppose -13 - 16 = -3*a + 4*t, -a - 7 = 2*t. Suppose -2*z = -g + 4*g - 58, -s = -a*g + 3*z. What are the prime factors of g?
2
Let x(c) = 4*c**2 - c - 152. Let a be (-1*2)/(6/(-9)). Let l(w) = w**2 - w + 1. Let s(q) = a*l(q) - x(q). What are the prime factors of s(0)?
5, 31
Suppose -3*k = -3*r + 1140, 4*r = -r - 3*k + 1884. Suppose r = 4*u - 2*m + 116, m = -4*u + 277. What are the prime factors of u?
2, 17
Suppose 19*g - 6720 = 14*g. Let x = g - 519. What are the prime factors of x?
3, 5, 11
Let q(w) = 51*w**2 + 6*w - 31. Let x be q(-8). Suppose x = 11*b - 4*b. What are the prime factors of b?
5, 7, 13
Let k(g) = 5*g + 52. Let s be k(-9). Suppose 2*f - 15 = s. List the prime factors of f.
11
Let p(n) = -n**3 - 5*n**2 + 13*n - 4. Let x be p(-7). Suppose -x*i + 3*f + 609 = 0, 4*f = i - 69 - 125. Suppose -2*k + i = -6. What are the prime factors of k?
2, 53
Let z be (-1160)/(-25)*25/10. Let o = z - 114. What are the prime factors of 2/2*o - (1 - 108)?
109
Suppose 14*q + 1 + 13 = 0. List the prime factors of ((-1688)/32 + 1)/(q/4).
3, 23
Let l = -6 + 14. Suppose l*t + t = -9. Let i(d) = -137*d + 2. What are the prime factors of i(t)?
139
Let b = 42 - 34. Suppose 2*r + 5*c = 643, b*c + 1272 = 4*r + 4*c. List the prime factors of r.
11, 29
Let d be (108/30)/(1/5). What are the prime factors of (1 - 42/d)/(4/(-330))?
2, 5, 11
Suppose 4*f + 132 = 10*f. Suppose 27*q - f*q - 1090 = 0. List the prime factors of q.
2, 109
Let r = -1620 + 1439. Let h be (-51)/(2/10*-1). Let m = h + r. What are the prime factors of m?
2, 37
Let v be (-5 - -8) + 1*-33. Let g = v + 26. What are the prime factors of -2 - 0 - -6 - g?
2
Let p(u) = 2*u - 16. Let n be p(15). Let z = n + -11. Suppose 5*q = m - 60, 2*m + 132 = 5*m - z*q. What are the prime factors of m?
2, 5
Let r(y) = -70*y + 1225. List the prime factors of r(15).
5, 7
Let u = -26 + 28. Suppose h + 3 = -s - 1, u*h = -s - 8. Suppose b + b - 262 = s. What are the prime factors of b?
131
Let s = -3960 - -6839. List the prime factors of s.
2879
List the prime factors of (-2)/25 - (-17758402)/5650.
7, 449
Suppose -2*q - 2*r + 6588 = 0, -5*q + q - 2*r = -13166. List the prime factors of q.
11, 13, 23
Suppose -32219 + 9042 = -11*x. Suppose x = 6*f + 109. List the prime factors of f.
3, 37
Let u = 106 - 107. Let z be -2 + u/((-8)/6)*-80. List the prime factors of (z/4)/((-2)/28) - 2.
5, 43
Let g = 21741 - 11140. What are the prime factors of g?
10601
Suppose -3*a + 3*l + 162225 = 0, -468*a - l - 486683 = -477*a. List the prime factors of a.
2, 11, 1229
Let q = -264 - -267. Suppose 3*j - 2514 = -4*u, 0*j - 2520 = -q*j - 2*u. List the prime factors of j.
2, 421
Let m = 55967 - 10511. List the prime factors of m.
2, 3, 947
Let h(s) = -56*s + 1. Let i be (-4 - -2)*1/2. Let n be h(i). Let y = n - 51. List the prime factors of y.
2, 3
List the prime factors of (-120197)/(-2)*(-660)/(-1155).
2, 7, 11, 223
Let y = 81661 - 36038. What are the prime factors of y?
43, 1061
Let r = 126 - 125. List the prime factors of r + (-606)/(-2) - 5.
13, 23
Suppose -z + 5 = 1. Let o be (1/z)/(3/24). Suppose 6*u + 224 = 2*n + o*u, -4*n = 5*u - 461. What are the prime factors of n?
2, 3, 19
Let z = 74 + -81. Let w(h) = 4*h + 30. Let t be w(z). What are the prime factors of 1 + t - (-8 + -158)?
13
Let v = -40 - -41. Let t be (-3 + -5)/(v/274). What are the prime factors of 4/(-14) + t/(-28)?
2, 3, 13
Let g be ((-29)/(-3) - 16/24) + -2. Suppose -4*t + 3*r = g*r - 652, 4*r - 172 = -t. List the prime factors of t.
2, 5
Let r = -107 - -185. Let k = 211 - r. List the prime factors of k.
7, 19
Let l be 633/1 - (-65)/(-13). Suppose -12*c + 10*c + l = 0. List the prime factors of c.
2, 157
Let r(v) = -v**3 + 31*v**2 + 67*v - 122. What are the prime factors of r(27)?
4603
Let s = -21230 + 38639. List the prime factors of s.
3, 7, 829
Let i(w) = -11*w + 19. Let p be i(2). List the prime factors of ((-206)/3)/((-8)/p + -3).
2, 103
Let j be 14/(-4)*(-288)/336. Suppose 5*g - 3793 = -j*h - 0*g, 3*g = -2*h + 2527. What are the prime factors of h?
2, 157
Let i = 21234 + -5788. What are the prime factors of i?
2, 7723
Let k = -299 + 304. Suppose 0*q + k*q - 3559 = -4*f, 4*q = -2*f + 2852. What are the prime factors of q?
5, 11, 13
Let t(r) = 7*r - 11. Let g(f) = -f + 21. Let p be g(10). Suppose k + p = 2*k. What are the prime factors of t(k)?
2, 3, 11
Let p(t) = -t**2 - 47*t - 92. Let q be p(-45). List the prime factors of 835*2 - (q + 16 + -17).
7, 239
Suppose -5*f = -3*t - 28436 - 6138, -2*f + 13814 = 4*t. List the prime factors of f.
31, 223
Let x(b) = -858*b + 600. What are the prime factors of x(-9)?
2, 3, 19, 73
Let l(z) = -z**3 + 9*z**2 - 3. Let k be l(9). Let t be 2*((-18)/3)/k. List the prime factors of t/(-8) + (-686)/(-4).
3, 19
Let h = -34155 + 68593. List the prime factors of h.
2, 67, 257
Let u = 7301 - 5516. List the prime factors of u.
3, 5, 7, 17
Suppose -2275068 - 1157424 = -159*s. List the prime factors of s.
2, 3, 7, 257
Let v(u) = u**3 - 4*u**2 - 11*u + 12. Let s be v(10). Suppose 2*x + 4